 of 108772 and 1271042.
142
Calculate the highest common divisor of 10248 and 1822558.
122
Calculate the highest common factor of 278603255 and 805.
805
What is the greatest common divisor of 712 and 7738372?
356
Calculate the greatest common divisor of 24 and 41076528.
24
Calculate the highest common divisor of 20 and 4432460.
20
What is the highest common divisor of 20979 and 223797?
21
Calculate the highest common divisor of 16 and 12663296.
16
What is the greatest common divisor of 191674 and 448?
14
Calculate the highest common divisor of 114169812 and 372.
12
What is the greatest common divisor of 3504 and 26038224?
3504
Calculate the greatest common factor of 16375727 and 25.
1
Calculate the greatest common factor of 193651 and 11623.
197
What is the highest common factor of 1980 and 530002?
22
Calculate the greatest common divisor of 7774 and 7881991.
169
Calculate the greatest common factor of 630 and 23502990.
210
What is the greatest common factor of 96 and 9699888?
48
What is the highest common factor of 988160 and 10808?
1544
What is the greatest common factor of 4900 and 1972950?
350
What is the greatest common divisor of 6785523 and 18?
9
What is the greatest common factor of 95050 and 98483206?
3802
What is the greatest common factor of 6103 and 1896952769?
6103
Calculate the highest common factor of 197186 and 6600.
22
Calculate the greatest common factor of 14112 and 615132.
252
What is the highest common factor of 69302820 and 14385?
2055
What is the highest common divisor of 1426 and 67642?
62
Calculate the highest common divisor of 76229029 and 821.
821
Calculate the highest common divisor of 1299898 and 682628.
7262
Calculate the highest common divisor of 354249 and 3339.
63
What is the highest common divisor of 2038889 and 164?
41
Calculate the highest common divisor of 90 and 7204530.
30
Calculate the highest common factor of 27626 and 4255858.
1454
What is the highest common divisor of 1610 and 7044072?
322
What is the greatest common divisor of 53981 and 19393261?
2347
What is the greatest common divisor of 229457 and 70747?
269
Calculate the greatest common factor of 296 and 72150328.
8
What is the greatest common factor of 850 and 71789436?
34
What is the greatest common divisor of 2624908 and 484?
44
Calculate the greatest common divisor of 1923 and 67467173.
641
What is the greatest common divisor of 12923476 and 3052?
436
Calculate the greatest common divisor of 17242373 and 141.
47
What is the highest common divisor of 10437005 and 433285?
2245
Calculate the highest common factor of 6273388 and 3036.
1012
Calculate the highest common factor of 717 and 8388661.
239
Calculate the greatest common factor of 21496 and 152516807.
2687
Calculate the greatest common factor of 4809240 and 90180.
540
What is the greatest common divisor of 1733 and 548939881?
1733
What is the highest common factor of 2163 and 580314?
21
Calculate the greatest common factor of 4620178 and 5332.
2666
Calculate the greatest common factor of 10135468 and 98107.
3383
What is the highest common factor of 240 and 332820?
60
Calculate the greatest common factor of 896887046 and 44.
22
What is the highest common divisor of 447015 and 102?
51
What is the highest common factor of 2213421 and 63?
21
What is the greatest common divisor of 28 and 38850476?
28
What is the highest common divisor of 1316453 and 91186?
359
What is the greatest common factor of 185978 and 227240?
598
Calculate the greatest common divisor of 36140864 and 32.
32
What is the highest common divisor of 44866 and 2734?
2
Calculate the greatest common divisor of 19810224 and 111888.
3024
What is the greatest common divisor of 5214240 and 31382?
2414
Calculate the highest common factor of 62712 and 13143.
39
What is the greatest common factor of 611 and 744574?
47
Calculate the highest common factor of 6994 and 109732363.
3497
What is the highest common divisor of 10010133 and 73080?
1827
What is the greatest common factor of 162 and 113412366?
54
Calculate the highest common factor of 21387 and 258.
3
What is the highest common divisor of 75643960 and 2240?
280
Calculate the greatest common factor of 5205 and 2823.
3
What is the highest common divisor of 34815 and 51040?
55
What is the greatest common divisor of 5587 and 2483044?
151
What is the greatest common divisor of 134962 and 886?
2
What is the greatest common factor of 27626488 and 7648?
1912
Calculate the highest common divisor of 792 and 96519588.
132
What is the highest common divisor of 485039 and 18102642?
8221
What is the highest common factor of 14 and 117604795?
7
What is the highest common factor of 526330612 and 41?
41
What is the highest common divisor of 10708175 and 2542?
1271
Calculate the greatest common divisor of 52367705 and 35.
5
What is the greatest common factor of 2648 and 4636979?
331
Calculate the greatest common divisor of 175 and 116386690.
35
Calculate the highest common divisor of 29718612 and 84.
84
What is the greatest common divisor of 5723 and 2163589?
59
What is the greatest common factor of 66577 and 684820533?
9511
What is the highest common factor of 77 and 33160561?
7
What is the greatest common divisor of 288 and 26179488?
288
What is the greatest common factor of 232359 and 19783?
73
What is the highest common divisor of 42833 and 52009601?
1477
Calculate the highest common factor of 746676 and 168.
84
What is the highest common divisor of 3342853934 and 14?
14
What is the greatest common divisor of 32961991 and 14333?
1303
What is the greatest common divisor of 2275 and 253367625?
175
What is the greatest common factor of 70 and 1085792470?
70
Calculate the highest common factor of 783757 and 1768.
13
What is the highest common divisor of 1267497 and 1162359?
5841
Calculate the greatest common divisor of 17237885 and 35.
35
What is the highest common factor of 150 and 7195025?
25
Calculate the greatest common factor of 683 and 953574548.
683
Calculate the highest common divisor of 3 and 4089992.
1
What is the highest common divisor of 73646840 and 100?
20
Calculate the highest common factor of 13239877 and 25571.
1967
What is the greatest common divisor of 3218 and 17703827?
1609
Calculate the highest common divisor of 1295 and 1416397.
37
Calculate the highest common factor of 39 and 401817.
39
What is the highest common divisor of 37412896 and 4120?
824
Calculate the highest common factor of 892982776 and 28.
28
What is the highest common divisor of 247 and 6412462?
19
What is the greatest common divisor of 375 and 704775?
75
Calculate the greatest common divisor of 312194 and 33638.
278
What is the highest common divisor of 38 and 40926304?
38
Calculate the highest common divisor of 833 and 196166383.
119
What is the greatest common factor of 1468 and 10372?
4
What is the greatest common divisor of 72236047 and 26?
13
Calculate the highest common divisor of 4050 and 999830.
10
Calculate the greatest common factor of 397 and 16953091.
397
What is the highest common factor of 314290 and 41870?
530
Calculate the greatest common divisor of 1018666 and 20482.
418
What is the greatest common factor of 132641 and 598?
23
What is the highest common divisor of 21874 and 4626?
2
Calculate the greatest common divisor of 62650 and 1414.
14
Calculate the greatest common divisor of 4644 and 634164.
516
What is the highest common factor of 5 and 550226015?
5
Calculate the greatest common factor of 35670 and 180210.
30
What is the highest common factor of 264 and 1315941?
33
What is the highest common factor of 309029726 and 1262?
1262
What is the highest common factor of 4251203843 and 887?
887
What is the greatest common factor of 410 and 329141030?
410
What is the greatest common factor of 56723 and 1337104?
433
Calculate the highest common divisor of 11952 and 37931.
83
Calculate the highest common factor of 327880734 and 1037.
1037
Calculate the highest common factor of 227433865 and 2650.
265
What is the greatest common divisor of 87690 and 644170?
370
What is the highest common factor of 974024 and 2960?
8
Calculate the highest common factor of 144116105 and 490.
245
Calculate the highest common factor of 25299043 and 1666.
833
What is the greatest common divisor of 417821084 and 213?
